at is the units digit of 1543?
3
What is the units digit of 768?
8
What is the tens digit of 1977?
7
What is the thousands digit of 72168?
2
What is the tens digit of 5814?
1
What is the tens digit of 1836?
3
What is the units digit of 16691?
1
What is the tens digit of 3384?
8
What is the ten thousands digit of 28491?
2
What is the tens digit of 18206?
0
What is the units digit of 345?
5
What is the tens digit of 31531?
3
What is the units digit of 8229?
9
What is the hundreds digit of 1493?
4
What is the tens digit of 10305?
0
What is the tens digit of 7893?
9
What is the units digit of 2652?
2
What is the thousands digit of 37925?
7
What is the hundreds digit of 4602?
6
What is the tens digit of 27747?
4
What is the thousands digit of 65865?
5
What is the hundreds digit of 5006?
0
What is the thousands digit of 32593?
2
What is the hundreds digit of 39964?
9
What is the thousands digit of 24264?
4
What is the tens digit of 165?
6
What is the hundreds digit of 1237?
2
What is the thousands digit of 1055?
1
What is the thousands digit of 3842?
3
What is the tens digit of 33734?
3
What is the thousands digit of 54175?
4
What is the hundreds digit of 858?
8
What is the tens digit of 6104?
0
What is the units digit of 540?
0
What is the tens digit of 4535?
3
What is the units digit of 2551?
1
What is the ten thousands digit of 12758?
1
What is the hundreds digit of 3012?
0
What is the thousands digit of 11374?
1
What is the hundreds digit of 895?
8
What is the thousands digit of 1454?
1
What is the tens digit of 2325?
2
What is the thousands digit of 8289?
8
What is the tens digit of 36686?
8
What is the units digit of 5700?
0
What is the hundreds digit of 1019?
0
What is the tens digit of 363?
6
What is the ten thousands digit of 11106?
1
What is the hundreds digit of 35939?
9
What is the ten thousands digit of 29535?
2
What is the thousands digit of 5808?
5
What is the thousands digit of 2230?
2
What is the thousands digit of 8251?
8
What is the tens digit of 3225?
2
What is the tens digit of 96?
9
What is the hundreds digit of 238?
2
What is the units digit of 7674?
4
What is the hundreds digit of 179?
1
What is the tens digit of 49077?
7
What is the thousands digit of 4456?
4
What is the tens digit of 721?
2
What is the hundreds digit of 1340?
3
What is the units digit of 24245?
5
What is the thousands digit of 53832?
3
What is the tens digit of 2533?
3
What is the thousands digit of 5374?
5
What is the units digit of 807?
7
What is the units digit of 42743?
3
What is the hundred thousands digit of 125405?
1
What is the units digit of 246?
6
What is the thousands digit of 68460?
8
What is the units digit of 36112?
2
What is the units digit of 1196?
6
What is the thousands digit of 41612?
1
What is the tens digit of 66?
6
What is the thousands digit of 15035?
5
What is the units digit of 36?
6
What is the tens digit of 6916?
1
What is the hundreds digit of 52007?
0
What is the units digit of 8329?
9
What is the hundreds digit of 218?
2
What is the units digit of 5744?
4
What is the tens digit of 335?
3
What is the hundreds digit of 998?
9
What is the hundreds digit of 91475?
4
What is the tens digit of 3101?
0
What is the thousands digit of 16012?
6
What is the hundreds digit of 2114?
1
What is the hundreds digit of 16667?
6
What is the thousands digit of 24723?
4
What is the units digit of 32098?
8
What is the tens digit of 1092?
9
What is the ten thousands digit of 39946?
3
What is the ten thousands digit of 27932?
2
What is the tens digit of 1310?
1
What is the tens digit of 62507?
0
What is the hundreds digit of 20328?
3
What is the units digit of 43401?
1
What is the thousands digit of 8487?
8
What is the ten thousands digit of 31835?
3
What is the tens digit of 2066?
6
What is the hundreds digit of 91731?
7
What is the ten thousands digit of 78305?
7
What is the thousands digit of 14861?
4
What is the hundreds digit of 6037?
0
What is the units digit of 1704?
4
What is the thousands digit of 52073?
2
What is the ten thousands digit of 17427?
1
What is the thousands digit of 71178?
1
What is the units digit of 3317?
7
What is the tens digit of 11891?
9
What is the thousands digit of 9071?
9
What is the hundreds digit of 737?
7
What is the hundreds digit of 7027?
0
What is the tens digit of 52?
5
What is the tens digit of 3493?
9
What is the tens digit of 63783?
8
What is the tens digit of 388?
8
What is the units digit of 1914?
4
What is the units digit of 23855?
5
What is the thousands digit of 2227?
2
What is the hundreds digit of 7248?
2
What is the units digit of 2662?
2
What is the tens digit of 68034?
3
What is the hundreds digit of 2281?
2
What is the hundreds digit of 474?
4
What is the thousands digit of 28409?
8
What is the tens digit of 8059?
5
What is the hundreds digit of 508?
5
What is the tens digit of 2497?
9
What is the units digit of 93400?
0
What is the thousands digit of 1615?
1
What is the hundreds digit of 32516?
5
What is the tens digit of 4558?
5
What is the units digit of 5014?
4
What is the units digit of 61094?
4
What is the hundreds digit of 23342?
3
What is the tens digit of 783?
8
What is the tens digit of 598?
9
What is the units digit of 122?
2
What is the ten thousands digit of 139818?
3
What is the tens digit of 27844?
4
What is the thousands digit of 11851?
1
What is the tens digit of 1071?
7
What is the ten thousands digit of 38279?
3
What is the hundreds digit of 37193?
1
What is the units digit of 9270?
0
What is the units digit of 110968?
8
What is the tens digit of 17256?
5
What is the hundreds digit of 23035?
0
What is the units digit of 1191?
1
What is the tens digit of 235?
3
What is the ten thousands digit of 19421?
1
What is the hundreds digit of 995?
9
What is the tens digit of 26349?
4
What is the units digit of 4226?
6
What is the thousands digit of 6141?
6
What is the ten thousands digit of 59136?
5
What is the units digit of 322?
2
What is the thousands digit of 76486?
6
What is the tens digit of 1225?
2
What is the hundreds digit of 8163?
1
What is the units digit of 1888?
8
What is the tens digit of 8218?
1
What is the tens digit of 338?
3
What is the ten thousands digit of 40209?
4
What is the tens digit of 1056?
5
What is the units digit of 1123?
3
What is the units digit of 1638?
8
What is the hundreds digit of 23269?
2
What is the thousands digit of 8848?
8
What is the thousands digit of 5770?
5
What is the units digit of 45307?
7
What is the thousands digit of 7719?
7
What is the thousands digit of 2979?
2
What is the tens digit of 5899?
9
What is the hundred thousands digit of 152632?
1
What is the thousands digit of 8522?
8
What is the tens digit of 380?
8
What is the tens digit of 63889?
8
What is the tens digit of 3735?
3
What is the thousands digit of 68680?
8
What is the thousands digit of 56043?
6
What is the thousands digit of 1073?
1
What is the hundreds digit of 19615?
6
What is the tens digit of 1266?
6
What is the units digit of 5?
5
What is the tens digit of 1416?
1
What is the hundreds digit of 835?
8
What is the tens digit of 20408?
0
What is the units digit of 15886?
6
What is the units digit of 5902?
2
What is the hundreds digit of 469?
4
What is the units digit of 647?
7
What is the tens digit of 7408?
0
What is the units digit of 5485?
5
What is the thousands digit of 3268?
3
What is the units digit of 4600?
0
What is the tens digit of 95853?
5
What is the thousands digit of 2230?
2
What is the units digit of 8821?
1
What is the thousands digit of 1854?
1
What is the thousands digit of 2572?
2
What is the units digit of 4209?
9
What is the ten thousands digit of 28150?
2
What is the thousands digit of 89229?
9
What is the thousands digit of 4015?
4
What is the thousands digit of 7840?
7
What is the thousands digit of 12959?
2
What is the units digit of 1319?
9
What is the hundreds digit of 17940?
9
What is the hundreds digit of 5480?
4
What is the thousands digit of 21846?
1
What is the tens digit of 381?
8
What is the tens digit of 65849?
4
What is the units digit of 13387?
7
What is the units digit of 54161?
1
What is the tens digit of 6099?
9
What is the hundreds digit of 358?
3
What is the units digit of 4166?
6
What is the hundreds digit of 760?
7
What 